{"id":93,"date":"2014-06-04T14:23:25","date_gmt":"2014-06-04T14:23:25","guid":{"rendered":"http:\/\/blogs.bellvitgehospital.cat\/aulaela\/?page_id=93"},"modified":"2014-09-18T12:34:43","modified_gmt":"2014-09-18T12:34:43","slug":"ela-i-nutricio","status":"publish","type":"page","link":"http:\/\/blogs.bellvitgehospital.cat\/aulaela\/ela-i-nutricio\/","title":{"rendered":"ELA i nutrici\u00f3"},"content":{"rendered":"<hr \/>\n<p style=\"text-align: justify;\">La <strong>nutrici\u00f3<\/strong> \u00e9s un altre \u00e0mbit d&#8217;inter\u00e8s per als pacients d&#8217;ELA ja que la malaltia pot comportar una s\u00e8rie de problemes en aquest aspecte i per tant, \u00e9s necessari con\u00e8ixer els problemes que es poden presentar i com evitar-los.<\/p>\n<p style=\"text-align: justify;\">Els assistents valoren aquest projecte\u00a0de manera positiva i expliquen les avantatges i beneficis que aquestes sessions\u00a0els ha comportat:<\/p>\n<p>\u00a0 \u00a0 \u00a0 \u00a0 \u00a0 \u00a0 \u00a0 \u00a0 \u00a0\u00a0<iframe loading=\"lazy\" src=\"\/\/www.youtube.com\/embed\/5kU5Vp_L49I\" width=\"480\" height=\"360\" frameborder=\"0\" allowfullscreen=\"allowfullscreen\"><\/iframe><\/p>\n<hr \/>\n<p><strong><span style=\"color: #333333;\">Presentaci\u00f3<\/span><\/strong><\/p>\n<p style=\"text-align: justify;\"><span style=\"color: #333333;\">La Dra. Virgili realitza la introducci\u00f3 de la sessi\u00f3, presenta als ponents i explica els temes que es tractaran.<\/span><\/p>\n<p>\u00a0 \u00a0 \u00a0 \u00a0 \u00a0 \u00a0 \u00a0 \u00a0 \u00a0\u00a0<iframe loading=\"lazy\" src=\"\/\/www.youtube.com\/embed\/gSVXyjSvRxk\" width=\"480\" height=\"360\" frameborder=\"0\" allowfullscreen=\"allowfullscreen\"><\/iframe><\/p>\n<p><strong>Suport nutricional en pacients d&#8217;ELA<\/strong><\/p>\n<p style=\"text-align: justify;\">La dietista Ver\u00f3nica Herrera inicia la seva presentaci\u00f3 exposant les <strong>causes i les conseq\u00fc\u00e8ncies de la desnutrici\u00f3 en pacients amb ELA<\/strong>. La desnutrici\u00f3 pot empitjorar el pron\u00f2stic i reduir la qualitat de vida, aix\u00ed mateix els pacients es poden tornar propensos a les infeccions. Aix\u00ed mateix, la disfagia que pateixen molts dels pacients amb ELA provoca deshidrataci\u00f3 i broncoaspiraci\u00f3.<\/p>\n<p>\u00a0 \u00a0 \u00a0 \u00a0 \u00a0 \u00a0 \u00a0 \u00a0 \u00a0\u00a0<iframe loading=\"lazy\" src=\"\/\/www.youtube.com\/embed\/OuW_5Z6SVcw\" width=\"480\" height=\"360\" frameborder=\"0\" allowfullscreen=\"allowfullscreen\"><\/iframe><\/p>\n<p style=\"text-align: justify;\">Davant d&#8217;aquesta problem\u00e0tica la dietista ens explica els tractaments i pautes que ens poden ajudar a millorar la situaci\u00f3. Tractaments com ara l&#8217;<strong>adaptaci\u00f3 de la textura de l&#8217;alimentaci\u00f3<\/strong>, el<strong> control de la posici\u00f3 corporal<\/strong> en el moment de menjar o <strong>qu\u00e8 fer davant d&#8217;un ennuegament<\/strong>.<\/p>\n<p>\u00a0 \u00a0 \u00a0 \u00a0 \u00a0 \u00a0 \u00a0 \u00a0 \u00a0\u00a0<iframe loading=\"lazy\" src=\"\/\/www.youtube.com\/embed\/TZnmI23lOPk\" width=\"480\" height=\"360\" frameborder=\"0\" allowfullscreen=\"allowfullscreen\"><\/iframe><\/p>\n<p style=\"text-align: justify;\"><span style=\"color: #333333;\">En els pacients amb ELA s\u00f3n freq\u00fcents les alteracions del ritme deposicional i l&#8217;aparici\u00f3 d&#8217;estrenyiment, degut a la falta d&#8217;hidrataci\u00f3, la baixa ingesta de la pelvis i l&#8217;abdomen. \u00c9s per aix\u00f2 que el suport nutricional i <strong>mantenir una dieta equilibrada<\/strong> s\u00f3n fonamentals per millorar aquests s\u00edmptomes. Tamb\u00e9 es parlen de <strong>vies d&#8217;alimentaci\u00f3 alternatives<\/strong> a la via oral (gastrostomia).<\/span><\/p>\n<p>\u00a0 \u00a0 \u00a0 \u00a0 \u00a0 \u00a0 \u00a0 \u00a0 \u00a0\u00a0<iframe loading=\"lazy\" src=\"\/\/www.youtube.com\/embed\/-vmfRahZsj0\" width=\"480\" height=\"360\" frameborder=\"0\" allowfullscreen=\"allowfullscreen\"><\/iframe><\/p>\n<p style=\"text-align: justify;\"><span style=\"color: #333333;\">La sessi\u00f3 avan\u00e7a amb l&#8217;explicaci\u00f3 de l&#8217;<strong>algoritme de l&#8217;estrat\u00e8gia nutricional<\/strong>. Per finalitzar, la dietista Ver\u00f3nica Herrera es centra en respondre en les preguntes freq\u00fcents relacionades amb la gastromia. Aix\u00ed mateix, relata espec\u00edficament el circuit que s&#8217;utilitza per la <strong>dispensaci\u00f3 de la nutrici\u00f3 enteral a domicili<\/strong>.<\/span><\/p>\n<p>\u00a0 \u00a0 \u00a0 \u00a0 \u00a0 \u00a0 \u00a0 \u00a0 \u00a0\u00a0<iframe loading=\"lazy\" src=\"\/\/www.youtube.com\/embed\/lsAIICk1hTs\" width=\"480\" height=\"360\" frameborder=\"0\" allowfullscreen=\"allowfullscreen\"><\/iframe><\/p>\n<p style=\"text-align: justify;\">La Sra. Bego\u00f1a Andr\u00e9s, infermera de la Unitat Funcional d&#8217;ELA de l&#8217;Hospital Universitari de Bellvitge, explica <strong>com s\u00f3n, com funcionen i el manteniment que necessiten les<\/strong> <strong>sondes<\/strong> per administrar la nutrici\u00f3 en els pacients en ELA que ho requereixen. Tamb\u00e9 parla de la continuaci\u00f3 assistencial, referint-se a l&#8217;assist\u00e8ncia fora de l&#8217;hospital.<\/p>\n<p>\u00a0 \u00a0 \u00a0 \u00a0 \u00a0 \u00a0 \u00a0 \u00a0 \u00a0\u00a0<iframe loading=\"lazy\" src=\"\/\/www.youtube.com\/embed\/qY31l-MTnkw\" width=\"480\" height=\"360\" frameborder=\"0\" allowfullscreen=\"allowfullscreen\"><\/iframe><\/p>\n<p style=\"text-align: justify;\">Es continua l&#8217;exposici\u00f3 explicant detalladament m\u00e9s aspectes relacionats amb com es realitza <strong>la nutrici\u00f3 i la hidrataci\u00f3 a trav\u00e9s de la sonda<\/strong>. Aix\u00ed mateix mostrant la manera de retirar les pexies. L&#8217;explicaci\u00f3 s&#8217;acaba amb els beneficis que aporta la continu\u00eftat assistencial dels pacients.<\/p>\n<p>\u00a0 \u00a0 \u00a0 \u00a0 \u00a0 \u00a0 \u00a0 \u00a0 \u00a0\u00a0<iframe loading=\"lazy\" src=\"\/\/www.youtube.com\/embed\/80XFZth-Eic\" width=\"480\" height=\"360\" frameborder=\"0\" allowfullscreen=\"allowfullscreen\"><\/iframe><\/p>\n<p style=\"text-align: justify;\"><strong>Torn de preguntes<\/strong><\/p>\n<p style=\"text-align: justify;\"><span style=\"color: #333333;\">Despr\u00e9s d&#8217;escoltar les intervencions dels professionals sanitaris, s&#8217;inicia un torn obert de preguntes. Els primers dubtes giren al voltant de com accedir a l&#8217;espai digital que cont\u00e9 tota la informaci\u00f3 tractada a les sessions, sobre <strong>com actuar davant d&#8217;un atac de tos<\/strong>, sobre els <strong>problemes a l&#8217;hora d&#8217;empassar la medicaci\u00f3<\/strong> i sobre les <strong>diferents possibilitats existents per fer front al restrenyiment<\/strong>.<\/span><\/p>\n<p>\u00a0 \u00a0 \u00a0 \u00a0 \u00a0 \u00a0 \u00a0 \u00a0 \u00a0\u00a0<iframe loading=\"lazy\" src=\"\/\/www.youtube.com\/embed\/O6Dp8n_98CM\" width=\"480\" height=\"360\" frameborder=\"0\" allowfullscreen=\"allowfullscreen\"><\/iframe><\/p>\n<p style=\"text-align: justify;\">Els cuidadors tamb\u00e9 s&#8217;animen a preguntar. Una d&#8217;elles mostra la seva preocupaci\u00f3 quan ha de <strong>donar de beure a la pacient<\/strong> que est\u00e0 cuidant. Les professionals sanit\u00e0ries recomanen <strong>no utilitzar canya<\/strong> ja que amb l&#8217;aspiraci\u00f3 pot provocar tos o ofegament, i expliquen diferents alternatives. Tamb\u00e9 s&#8217;aborden les <strong>repercussions psicol\u00f2giques<\/strong> que t\u00e9 la malaltia en els pacients. Un altre dels temes que surten a debat \u00e9s si l&#8217;actitud i la c\u00e0rrega que suporta el cuidador t\u00e9 efectes negatius en el pacient.<\/p>\n<p>\u00a0 \u00a0 \u00a0 \u00a0 \u00a0 \u00a0 \u00a0 \u00a0 \u00a0\u00a0<iframe loading=\"lazy\" src=\"\/\/www.youtube.com\/embed\/9n0-YMaT_Ac\" width=\"480\" height=\"360\" frameborder=\"0\" allowfullscreen=\"allowfullscreen\"><\/iframe><\/p>\n<p style=\"text-align: justify;\"><strong>Experi\u00e8ncies de pacients amb ELA<\/strong><\/p>\n<p style=\"text-align: justify;\">Un dels pacients assistents comparteix la seva experi\u00e8ncia amb la <strong>gasometria<\/strong>, a la vegada que planteja els seus dubtes per tal que els professionals li orientin. Una altra pacient exposa que a vegades, involunt\u00e0riament i a causa dels s\u00edmptomes de la pr\u00f2pia malaltia, no pot parar de plorar. Tamb\u00e9, es parla sobre el <strong>descans i la dificultat de dormir<\/strong>. \u00a0 La Dra. Povedano, juntament amb el seu equip de professionals, d\u00f3na resposta a totes les preguntes que van sorgint.<\/p>\n<p>\u00a0 \u00a0 \u00a0 \u00a0 \u00a0 \u00a0 \u00a0 \u00a0 \u00a0\u00a0<iframe loading=\"lazy\" src=\"\/\/www.youtube.com\/embed\/ASdxXw0dMaI\" width=\"480\" height=\"360\" frameborder=\"0\" allowfullscreen=\"allowfullscreen\"><\/iframe><\/p>\n<p>&nbsp;<\/p>\n<div class=\"sharedaddy sd-sharing-enabled\"><div class=\"robots-nocontent sd-block sd-social sd-social-icon sd-sharing\"><h3 class=\"sd-title\">Comparteix aix\u00f2:<\/h3><div class=\"sd-content\"><ul><li class=\"share-facebook\"><a rel=\"nofollow\" data-shared=\"sharing-facebook-93\" class=\"share-facebook sd-button share-icon no-text\" href=\"http:\/\/blogs.bellvitgehospital.cat\/aulaela\/ela-i-nutricio\/?share=facebook\" target=\"_blank\" title=\"Comparteix al Facebook\"><span><\/span><span class=\"sharing-screen-reader-text\">Comparteix al Facebook (Opens in new window)<\/span><\/a><\/li><li class=\"share-twitter\"><a rel=\"nofollow\" data-shared=\"sharing-twitter-93\" class=\"share-twitter sd-button share-icon no-text\" href=\"http:\/\/blogs.bellvitgehospital.cat\/aulaela\/ela-i-nutricio\/?share=twitter\" target=\"_blank\" title=\"Feu clic per compartir al Twitter\"><span><\/span><span class=\"sharing-screen-reader-text\">Feu clic per compartir al Twitter (Opens in new window)<\/span><\/a><\/li><li class=\"share-google-plus-1\"><a rel=\"nofollow\" data-shared=\"sharing-google-93\" class=\"share-google-plus-1 sd-button share-icon no-text\" href=\"http:\/\/blogs.bellvitgehospital.cat\/aulaela\/ela-i-nutricio\/?share=google-plus-1\" target=\"_blank\" title=\"Feu clic per compartir a Google+\"><span><\/span><span class=\"sharing-screen-reader-text\">Feu clic per compartir a Google+ (Opens in new window)<\/span><\/a><\/li><li class=\"share-email\"><a rel=\"nofollow\" data-shared=\"\" class=\"share-email sd-button share-icon no-text\" href=\"http:\/\/blogs.bellvitgehospital.cat\/aulaela\/ela-i-nutricio\/?share=email\" target=\"_blank\" title=\"Feu clic per enviar un correu electr\u00f2nic a un amic\"><span><\/span><span class=\"sharing-screen-reader-text\">Feu clic per enviar un correu electr\u00f2nic a un amic (Opens in new window)<\/span><\/a><\/li><li class=\"share-print\"><a rel=\"nofollow\" data-shared=\"\" class=\"share-print sd-button share-icon no-text\" href=\"http:\/\/blogs.bellvitgehospital.cat\/aulaela\/ela-i-nutricio\/\" target=\"_blank\" title=\"Feu clic per imprimir\"><span><\/span><span class=\"sharing-screen-reader-text\">Feu clic per imprimir (Opens in new window)<\/span><\/a><\/li><li class=\"share-end\"><\/li><\/ul><\/div><\/div><\/div>","protected":false},"excerpt":{"rendered":"<p>La nutrici\u00f3 \u00e9s un altre \u00e0mbit d&#8217;inter\u00e8s per als pacients d&#8217;ELA ja que la malaltia pot comportar una s\u00e8rie de problemes en aquest aspecte i per tant, \u00e9s necessari con\u00e8ixer els problemes que es poden presentar i com evitar-los. Els &hellip; <a href=\"http:\/\/blogs.bellvitgehospital.cat\/aulaela\/ela-i-nutricio\/\">Continua llegint <span class=\"meta-nav\">&rarr;<\/span><\/a><\/p>\n<div class=\"sharedaddy sd-sharing-enabled\"><div class=\"robots-nocontent sd-block sd-social sd-social-icon sd-sharing\"><h3 class=\"sd-title\">Comparteix aix\u00f2:<\/h3><div class=\"sd-content\"><ul><li class=\"share-facebook\"><a rel=\"nofollow\" data-shared=\"sharing-facebook-93\" class=\"share-facebook sd-button share-icon no-text\" href=\"http:\/\/blogs.bellvitgehospital.cat\/aulaela\/ela-i-nutricio\/?share=facebook\" target=\"_blank\" title=\"Comparteix al Facebook\"><span><\/span><span class=\"sharing-screen-reader-text\">Comparteix al Facebook (Opens in new window)<\/span><\/a><\/li><li class=\"share-twitter\"><a rel=\"nofollow\" data-shared=\"sharing-twitter-93\" class=\"share-twitter sd-button share-icon no-text\" href=\"http:\/\/blogs.bellvitgehospital.cat\/aulaela\/ela-i-nutricio\/?share=twitter\" target=\"_blank\" title=\"Feu clic per compartir al Twitter\"><span><\/span><span class=\"sharing-screen-reader-text\">Feu clic per compartir al Twitter (Opens in new window)<\/span><\/a><\/li><li class=\"share-google-plus-1\"><a rel=\"nofollow\" data-shared=\"sharing-google-93\" class=\"share-google-plus-1 sd-button share-icon no-text\" href=\"http:\/\/blogs.bellvitgehospital.cat\/aulaela\/ela-i-nutricio\/?share=google-plus-1\" target=\"_blank\" title=\"Feu clic per compartir a Google+\"><span><\/span><span class=\"sharing-screen-reader-text\">Feu clic per compartir a Google+ (Opens in new window)<\/span><\/a><\/li><li class=\"share-email\"><a rel=\"nofollow\" data-shared=\"\" class=\"share-email sd-button share-icon no-text\" href=\"http:\/\/blogs.bellvitgehospital.cat\/aulaela\/ela-i-nutricio\/?share=email\" target=\"_blank\" title=\"Feu clic per enviar un correu electr\u00f2nic a un amic\"><span><\/span><span class=\"sharing-screen-reader-text\">Feu clic per enviar un correu electr\u00f2nic a un amic (Opens in new window)<\/span><\/a><\/li><li class=\"share-print\"><a rel=\"nofollow\" data-shared=\"\" class=\"share-print sd-button share-icon no-text\" href=\"http:\/\/blogs.bellvitgehospital.cat\/aulaela\/ela-i-nutricio\/\" target=\"_blank\" title=\"Feu clic per imprimir\"><span><\/span><span class=\"sharing-screen-reader-text\">Feu clic per imprimir (Opens in new window)<\/span><\/a><\/li><li class=\"share-end\"><\/li><\/ul><\/div><\/div><\/div>","protected":false},"author":10,"featured_media":0,"parent":0,"menu_order":0,"comment_status":"open","ping_status":"closed","template":"","meta":[],"_links":{"self":[{"href":"http:\/\/blogs.bellvitgehospital.cat\/aulaela\/wp-json\/wp\/v2\/pages\/93"}],"collection":[{"href":"http:\/\/blogs.bellvitgehospital.cat\/aulaela\/wp-json\/wp\/v2\/pages"}],"about":[{"href":"http:\/\/blogs.bellvitgehospital.cat\/aulaela\/wp-json\/wp\/v2\/types\/page"}],"author":[{"embeddable":true,"href":"http:\/\/blogs.bellvitgehospital.cat\/aulaela\/wp-json\/wp\/v2\/users\/10"}],"replies":[{"embeddable":true,"href":"http:\/\/blogs.bellvitgehospital.cat\/aulaela\/wp-json\/wp\/v2\/comments?post=93"}],"version-history":[{"count":3,"href":"http:\/\/blogs.bellvitgehospital.cat\/aulaela\/wp-json\/wp\/v2\/pages\/93\/revisions"}],"predecessor-version":[{"id":162,"href":"http:\/\/blogs.bellvitgehospital.cat\/aulaela\/wp-json\/wp\/v2\/pages\/93\/revisions\/162"}],"wp:attachment":[{"href":"http:\/\/blogs.bellvitgehospital.cat\/aulaela\/wp-json\/wp\/v2\/media?parent=93"}],"curies":[{"name":"wp","href":"https:\/\/api.w.org\/{rel}","templated":true}]}}