{"id":74,"date":"2014-06-05T10:30:22","date_gmt":"2014-06-05T10:30:22","guid":{"rendered":"http:\/\/blogs.bellvitgehospital.cat\/aulaela\/?page_id=74"},"modified":"2025-03-21T13:26:08","modified_gmt":"2025-03-21T12:26:08","slug":"ufela","status":"publish","type":"page","link":"http:\/\/blogs.bellvitgehospital.cat\/aulaela\/ufela\/","title":{"rendered":"UFMNA"},"content":{"rendered":"<p>Equip de professionals de la Unitat Funcional de Motoneurona:<\/p>\n<table style=\"height: 743px;\" border=\"0\" width=\"775\">\n<tbody>\n<tr>\n<td>\n<h5><span style=\"color: #333333;\"><strong>Coordinaci\u00f3<\/strong><\/span><br \/>\n<span style=\"color: #333333;\"> Dra. M\u00f2nica Povedano<\/span><\/h5>\n<h5><strong>Neurologia<\/strong><br \/>\n<span style=\"color: #333333;\">Dr. Raul Dom\u00ednguez<\/span><br \/>\n<span style=\"color: #333333;\">Dr. Alejandro Caravaca<\/span><br \/>\n<span style=\"color: #333333;\">Dr. Andr\u00e9s Paipa (recerca)<\/span><\/h5>\n<h5><strong>Pneumologia<\/strong><br \/>\nDra. Eva Farrero<br \/>\nDr. Enric Prats<br \/>\nDr. Mikel Sarasate<br \/>\nDra. Anna C\u00f3rdoba<\/h5>\n<h5><strong>Ter\u00e0pia ocupacional i fisioter\u00e0pia<\/strong><br \/>\nLlu\u00eds Mateu<br \/>\nC\u00e9lia Esbri<br \/>\nKilian G\u00f3mez<br \/>\nN\u00faria Quintana (FMV)<br \/>\nCristina Iglesias (FMV)<br \/>\nLuciana Baglivo<\/h5>\n<h5><span style=\"color: #333333;\"><strong>Infermeria<\/strong><\/span><br \/>\n<span style=\"color: #333333;\">Laia Pallar\u00e8s<\/span><br \/>\n<span style=\"color: #333333;\">Edel Anton<\/span><br \/>\n<span style=\"color: #333333;\">M\u00f2nica Meseguer<\/span><\/h5>\n<h5><span style=\"color: #333333;\"><strong>E<\/strong><\/span><span style=\"color: #333333;\"><strong>ndocrinologia i nutrici\u00f3<\/strong><\/span><br \/>\n<span style=\"color: #333333;\">Dr. Rarafel L\u00f3pez Urdiales<\/span><\/h5>\n<\/td>\n<td>\n<h5><span style=\"color: #333333;\"><strong>Diet\u00e8tica<\/strong><\/span><br \/>\n<span style=\"color: #333333;\">Ver\u00f2nica Herrera<\/span><br \/>\n<span style=\"color: #333333;\">Carlota Mart\u00edn<\/span><\/h5>\n<h5><strong>Logop\u00e8dia<\/strong><br \/>\n<span style=\"color: #333333;\">Stephanie Riera<\/span><\/h5>\n<h5><span style=\"color: #333333;\"><strong>Rehabilitaci\u00f3<\/strong><\/span><br \/>\n<span style=\"color: #333333;\"> Dr. Ferran Nacenta<\/span><br \/>\n<span style=\"color: #333333;\"> Dr. Alejandro Arencibia<\/span><\/h5>\n<h5><strong>Treball social<\/strong><br \/>\nAna\u00efs S\u00e1nchez (FMV)<br \/>\nAlba Vilanova (FMV)<\/h5>\n<h5><strong>Psicologia<\/strong><br \/>\n<span style=\"color: #333333;\">Montse Gim\u00e9nez (FMV)<\/span><\/h5>\n<h5><span style=\"color: #333333;\"><strong>Administraci\u00f3<\/strong><\/span><br \/>\n<span style=\"color: #333333; font-size: 1em;\">Sr. Jos\u00e9 Luis Moreno<\/span><\/h5>\n<h5><strong>Laboratori d&#8217;investigaci\u00f3<\/strong><br \/>\nDr. Pol Andr\u00e9s Benito<br \/>\nSergio Roca<br \/>\nYaiza L\u00f3pez<br \/>\nPol Mengod<br \/>\nAntonia Vinyals<\/h5>\n<h5><span style=\"color: #333333;\"><strong>Gesti\u00f3<\/strong><\/span><br \/>\nCristina Terrafeta<\/h5>\n<h5><span style=\"color: #333333;\"><strong>Data Entry<\/strong><\/span><br \/>\nGuillem Borges<\/h5>\n<h6><span style=\"color: #333333;\">*FMV: Fundaci\u00f3 Miquel Valls<\/span><\/h6>\n<\/td>\n<\/tr>\n<\/tbody>\n<\/table>\n<p><strong><img loading=\"lazy\" class=\"alignleft wp-image-275\" src=\"http:\/\/blogs.bellvitgehospital.cat\/aulaela\/wp-content\/uploads\/sites\/2\/2014\/06\/UFELA-Povedano-225x300.jpg\" alt=\"UFELA-Povedano\" width=\"170\" height=\"227\" srcset=\"http:\/\/blogs.bellvitgehospital.cat\/aulaela\/wp-content\/uploads\/sites\/2\/2014\/06\/UFELA-Povedano-225x300.jpg 225w, http:\/\/blogs.bellvitgehospital.cat\/aulaela\/wp-content\/uploads\/sites\/2\/2014\/06\/UFELA-Povedano-768x1024.jpg 768w, http:\/\/blogs.bellvitgehospital.cat\/aulaela\/wp-content\/uploads\/sites\/2\/2014\/06\/UFELA-Povedano.jpg 1519w\" sizes=\"(max-width: 170px) 100vw, 170px\" \/><\/strong><\/p>\n<p style=\"padding-left: 210px;\">Dra. M\u00f2nica Povedano Panad\u00e9s<br \/>\n<strong>Especialitat:<\/strong> Neurofisiologia cl\u00ednica<br \/>\n<strong>Formaci\u00f3 i traject\u00f2ria:\u00a0<\/strong><br \/>\nCoordinadora de la UFELA\u00a0i del laboratori d\u2019electromiografia de l\u2019Hospital Universitari de Bellvitge.<br \/>\nMetgessa especialista en neurofisiologia cl\u00ednica (EMG i malaltia de la motoneurona) de l\u2019Hospital Universitari de Bellvitge.<br \/>\nFormada en malaltia de la motoneurona al California Pacific Medical Center (Dr Miller) i a la Columbia University (Dr Mitsumoto).<\/p>\n<hr \/>\n<p><img loading=\"lazy\" class=\"alignleft wp-image-369\" src=\"http:\/\/blogs.bellvitgehospital.cat\/aulaela\/wp-content\/uploads\/sites\/2\/2014\/06\/sin-t\u00edtulo_14_13-225x300.jpg\" alt=\"equip UFELA\" width=\"170\" height=\"227\" \/><\/p>\n<p style=\"padding-left: 210px;\">Dr. Enric Prats Soro<br \/>\n<strong>Especialitat:<\/strong> Pneumologia<br \/>\n<strong>Formaci\u00f3 i traject\u00f2ria:<\/strong><br \/>\nMetge especialista del Servei de Pneumologia de l&#8217;Hospital Universitari de Bellvitge.<br \/>\nExperi\u00e8ncia professional en el camp de la insufici\u00e8ncia respirat\u00f2ria i en el tractament amb ventilaci\u00f3 mec\u00e0nica, tant hospital\u00e0ria com domicili\u00e0ria.<\/p>\n<hr \/>\n<p><img loading=\"lazy\" class=\"alignleft wp-image-367\" src=\"http:\/\/blogs.bellvitgehospital.cat\/aulaela\/wp-content\/uploads\/sites\/2\/2014\/06\/sin-t\u00edtulo_14_06-225x300.jpg\" alt=\"Equip UFELA\" width=\"170\" height=\"227\" \/><\/p>\n<p style=\"padding-left: 210px;\">Dra Eva Farrero Mu\u00f1oz<br \/>\n<strong>Especialitat:<\/strong> Pneumologia<br \/>\n<strong>Formaci\u00f3 i traject\u00f2ria:<\/strong><br \/>\nMetgessa especialista del Servei de Pneumologia de l&#8217;Hospital Universitari de Bellvitge.<br \/>\nActivitat professional i de recerca centrada en el tractament amb ventilaci\u00f3 mec\u00e0nica domicili\u00e0ria, amb especial dedicaci\u00f3 a la patologia neuromuscular<\/p>\n<hr \/>\n<p><img loading=\"lazy\" class=\"alignleft wp-image-272\" src=\"http:\/\/blogs.bellvitgehospital.cat\/aulaela\/wp-content\/uploads\/sites\/2\/2014\/06\/NRL-Grup-ELA_140530_04-224x300.jpg\" alt=\"NRL-Grup-ELA_140530_04\" width=\"170\" height=\"227\" srcset=\"http:\/\/blogs.bellvitgehospital.cat\/aulaela\/wp-content\/uploads\/sites\/2\/2014\/06\/NRL-Grup-ELA_140530_04-224x300.jpg 224w, http:\/\/blogs.bellvitgehospital.cat\/aulaela\/wp-content\/uploads\/sites\/2\/2014\/06\/NRL-Grup-ELA_140530_04-767x1024.jpg 767w, http:\/\/blogs.bellvitgehospital.cat\/aulaela\/wp-content\/uploads\/sites\/2\/2014\/06\/NRL-Grup-ELA_140530_04.jpg 1411w\" sizes=\"(max-width: 170px) 100vw, 170px\" \/><\/p>\n<p style=\"padding-left: 210px;\">Dr.\u00a0Ferran Nacenta Arias<br \/>\n<strong>Especialitat<\/strong>: \u00a0Medicina F\u00edsica i Rehabilitaci\u00f3<br \/>\n<strong>Formaci\u00f3 i traject\u00f2ria:<\/strong><br \/>\nMetge especialista del Servei de Rehabilitaci\u00f3 de l\u2019Hospital Universitari de Bellvitge.<br \/>\nFormat en rehabilitaci\u00f3 i medicina f\u00edsica a l\u2019Hospital Universitari de Bellvitge.<\/p>\n<hr \/>\n<p><img loading=\"lazy\" class=\"alignleft wp-image-271\" src=\"http:\/\/blogs.bellvitgehospital.cat\/aulaela\/wp-content\/uploads\/sites\/2\/2014\/06\/NRL-Grup-ELA_140530_03-225x300.jpg\" alt=\"NRL-Grup-ELA_140530_03\" width=\"170\" height=\"227\" srcset=\"http:\/\/blogs.bellvitgehospital.cat\/aulaela\/wp-content\/uploads\/sites\/2\/2014\/06\/NRL-Grup-ELA_140530_03-225x300.jpg 225w, http:\/\/blogs.bellvitgehospital.cat\/aulaela\/wp-content\/uploads\/sites\/2\/2014\/06\/NRL-Grup-ELA_140530_03-768x1024.jpg 768w, http:\/\/blogs.bellvitgehospital.cat\/aulaela\/wp-content\/uploads\/sites\/2\/2014\/06\/NRL-Grup-ELA_140530_03.jpg 1589w\" sizes=\"(max-width: 170px) 100vw, 170px\" \/><\/p>\n<p style=\"padding-left: 210px;\">Sr. Llu\u00eds Mateu G\u00f3mez<br \/>\n<strong>Especialitat: <\/strong>Fisioter\u00e0pia<br \/>\n<strong>Formaci\u00f3 i traject\u00f2ria:<\/strong><br \/>\nFisioterapeuta de la Unitat Funcional d&#8217;ELA de l&#8217;Hospital Universitari de Bellvitge.<br \/>\nDiplomat en Fisioter\u00e0pia i\u00a0en Infermeria.<br \/>\nM\u00e0ster en Fisioter\u00e0pia del t\u00f2rax.<\/p>\n<hr \/>\n<p><img loading=\"lazy\" class=\"alignleft wp-image-276\" src=\"http:\/\/blogs.bellvitgehospital.cat\/aulaela\/wp-content\/uploads\/sites\/2\/2014\/06\/NRL-Grup-ELA_140530_01-224x300.jpg\" alt=\"NRL-Grup-ELA_140530_01\" width=\"170\" height=\"227\" srcset=\"http:\/\/blogs.bellvitgehospital.cat\/aulaela\/wp-content\/uploads\/sites\/2\/2014\/06\/NRL-Grup-ELA_140530_01-224x300.jpg 224w, http:\/\/blogs.bellvitgehospital.cat\/aulaela\/wp-content\/uploads\/sites\/2\/2014\/06\/NRL-Grup-ELA_140530_01-767x1024.jpg 767w, http:\/\/blogs.bellvitgehospital.cat\/aulaela\/wp-content\/uploads\/sites\/2\/2014\/06\/NRL-Grup-ELA_140530_01.jpg 1847w\" sizes=\"(max-width: 170px) 100vw, 170px\" \/><\/p>\n<p style=\"padding-left: 210px;\">Sra. Ver\u00f3nica Herrera Rodr\u00edguez<br \/>\n<strong style=\"text-align: justify;\">Especialitat: <\/strong><span style=\"text-align: justify;\">Diet\u00e8tica i nutrici\u00f3<\/span><br \/>\n<strong style=\"text-align: justify;\">Formaci\u00f3\u00a0i\u00a0traject\u00f2ria:<\/strong><br \/>\nDietista &#8211; nutricionista a l&#8217;Hospital Universitari de Bellvitge, referent de malalties neurol\u00f2giques.<br \/>\n<span style=\"text-align: justify;\">Diplomada en Nutrici\u00f3 Humana i Diet\u00e8tica en el CESNID.<\/span><br \/>\n<span style=\"text-align: justify;\">M\u00e0ster en Nutrici\u00f3 i Metabolisme en la\u00a0UB.<\/span><\/p>\n<hr \/>\n<p><img loading=\"lazy\" class=\"alignleft wp-image-366\" src=\"http:\/\/blogs.bellvitgehospital.cat\/aulaela\/wp-content\/uploads\/sites\/2\/2014\/06\/sin-t\u00edtulo_14_15-224x300.jpg\" alt=\"equip UFELA\" width=\"170\" height=\"227\" \/><\/p>\n<p style=\"padding-left: 210px;\"><strong>Administraci\u00f3<\/strong><br \/>\nSr. Jose Lu\u00eds Moreno Morej\u00f3n<\/p>\n","protected":false},"excerpt":{"rendered":"<p>Equip de professionals de la Unitat Funcional de Motoneurona: Coordinaci\u00f3 Dra. M\u00f2nica Povedano Neurologia Dr. Raul Dom\u00ednguez Dr. Alejandro Caravaca Dr. Andr\u00e9s Paipa (recerca) Pneumologia Dra. Eva Farrero Dr. Enric Prats Dr. Mikel Sarasate Dra. Anna C\u00f3rdoba Ter\u00e0pia ocupacional i &hellip; <a href=\"http:\/\/blogs.bellvitgehospital.cat\/aulaela\/ufela\/\">Continua llegint <span class=\"meta-nav\">&rarr;<\/span><\/a><\/p>\n","protected":false},"author":10,"featured_media":0,"parent":0,"menu_order":0,"comment_status":"closed","ping_status":"closed","template":"","meta":[],"_links":{"self":[{"href":"http:\/\/blogs.bellvitgehospital.cat\/aulaela\/wp-json\/wp\/v2\/pages\/74"}],"collection":[{"href":"http:\/\/blogs.bellvitgehospital.cat\/aulaela\/wp-json\/wp\/v2\/pages"}],"about":[{"href":"http:\/\/blogs.bellvitgehospital.cat\/aulaela\/wp-json\/wp\/v2\/types\/page"}],"author":[{"embeddable":true,"href":"http:\/\/blogs.bellvitgehospital.cat\/aulaela\/wp-json\/wp\/v2\/users\/10"}],"replies":[{"embeddable":true,"href":"http:\/\/blogs.bellvitgehospital.cat\/aulaela\/wp-json\/wp\/v2\/comments?post=74"}],"version-history":[{"count":68,"href":"http:\/\/blogs.bellvitgehospital.cat\/aulaela\/wp-json\/wp\/v2\/pages\/74\/revisions"}],"predecessor-version":[{"id":20144,"href":"http:\/\/blogs.bellvitgehospital.cat\/aulaela\/wp-json\/wp\/v2\/pages\/74\/revisions\/20144"}],"wp:attachment":[{"href":"http:\/\/blogs.bellvitgehospital.cat\/aulaela\/wp-json\/wp\/v2\/media?parent=74"}],"curies":[{"name":"wp","href":"https:\/\/api.w.org\/{rel}","templated":true}]}}