{"id":50,"date":"2014-06-10T07:30:45","date_gmt":"2014-06-10T07:30:45","guid":{"rendered":"http:\/\/blogs.bellvitgehospital.cat\/aulaela\/?page_id=50"},"modified":"2016-12-02T15:45:47","modified_gmt":"2016-12-02T14:45:47","slug":"contacte","status":"publish","type":"page","link":"http:\/\/blogs.bellvitgehospital.cat\/aulaela\/contacte\/","title":{"rendered":"Contacta&#8217;ns"},"content":{"rendered":"<p>Si voleu plantejar-nos dubtes o q\u00fcestions de <strong>forma privada<\/strong>, contacteu-nos<span style=\"color: #333333;\">\u00a0a trav\u00e9s del nostre correu ela@bellvitgehospital.cat o omplint el seg\u00fcent formulari:<\/span> <div id='contact-form-50'>\n<form action='http:\/\/blogs.bellvitgehospital.cat\/aulaela\/contacte\/#contact-form-50' method='post' class='contact-form commentsblock'>\n\n<div>\n\t\t<label for='g50-nom' class='grunion-field-label name'>Nom<span>(necessari)<\/span><\/label>\n\t\t<input type='text' name='g50-nom' id='g50-nom' value='' class='name'  required aria-required='true'\/>\n\t<\/div>\n\n<div>\n\t\t<label for='g50-correuelectrnic' class='grunion-field-label email'>Correu electr\u00f2nic<span>(necessari)<\/span><\/label>\n\t\t<input type='email' name='g50-correuelectrnic' id='g50-correuelectrnic' value='' class='email'  required aria-required='true'\/>\n\t<\/div>\n\n<div>\n\t\t<label for='g50-llocweb' class='grunion-field-label url'>Lloc web<\/label>\n\t\t<input type='text' name='g50-llocweb' id='g50-llocweb' value='' class='url'  \/>\n\t<\/div>\n\n<div>\n\t\t<label for='contact-form-comment-g50-quetpreocupa' class='grunion-field-label textarea'>Qu\u00e8 et preocupa?<span>(necessari)<\/span><\/label>\n\t\t<textarea name='g50-quetpreocupa' id='contact-form-comment-g50-quetpreocupa' rows='20'  required aria-required='true'><\/textarea>\n\t<\/div>\n\t<p class='contact-submit'>\n\t\t<input type='submit' value='Envia &#187;' class='pushbutton-wide'\/>\n\t\t<input type='hidden' name='contact-form-id' value='50' \/>\n\t\t<input type='hidden' name='action' value='grunion-contact-form' \/>\n\t<\/p>\n<\/form>\n<\/div><\/p>\n<p>Si voleu plantejar una consulta perqu\u00e8 sigui compartida entre tots els usuaris del blog, podeu escriure&#8217;ns a <a href=\"mailto:consultasobertes.ela@gmail.com\">consultasobertes.ela@gmail.com<\/a><\/p>\n","protected":false},"excerpt":{"rendered":"<p>Si voleu plantejar-nos dubtes o q\u00fcestions de forma privada, contacteu-nos\u00a0a trav\u00e9s del nostre correu ela@bellvitgehospital.cat o omplint el seg\u00fcent formulari: Si voleu plantejar una consulta perqu\u00e8 sigui compartida entre tots els usuaris del blog, podeu escriure&#8217;ns a consultasobertes.ela@gmail.com<\/p>\n","protected":false},"author":10,"featured_media":0,"parent":0,"menu_order":0,"comment_status":"closed","ping_status":"closed","template":"","meta":[],"_links":{"self":[{"href":"http:\/\/blogs.bellvitgehospital.cat\/aulaela\/wp-json\/wp\/v2\/pages\/50"}],"collection":[{"href":"http:\/\/blogs.bellvitgehospital.cat\/aulaela\/wp-json\/wp\/v2\/pages"}],"about":[{"href":"http:\/\/blogs.bellvitgehospital.cat\/aulaela\/wp-json\/wp\/v2\/types\/page"}],"author":[{"embeddable":true,"href":"http:\/\/blogs.bellvitgehospital.cat\/aulaela\/wp-json\/wp\/v2\/users\/10"}],"replies":[{"embeddable":true,"href":"http:\/\/blogs.bellvitgehospital.cat\/aulaela\/wp-json\/wp\/v2\/comments?post=50"}],"version-history":[{"count":12,"href":"http:\/\/blogs.bellvitgehospital.cat\/aulaela\/wp-json\/wp\/v2\/pages\/50\/revisions"}],"predecessor-version":[{"id":342,"href":"http:\/\/blogs.bellvitgehospital.cat\/aulaela\/wp-json\/wp\/v2\/pages\/50\/revisions\/342"}],"wp:attachment":[{"href":"http:\/\/blogs.bellvitgehospital.cat\/aulaela\/wp-json\/wp\/v2\/media?parent=50"}],"curies":[{"name":"wp","href":"https:\/\/api.w.org\/{rel}","templated":true}]}}