{"id":28,"date":"2014-06-05T07:27:47","date_gmt":"2014-06-05T07:27:47","guid":{"rendered":"http:\/\/blogs.bellvitgehospital.cat\/aulaela\/?page_id=28"},"modified":"2019-03-05T14:06:48","modified_gmt":"2019-03-05T13:06:48","slug":"equip","status":"publish","type":"page","link":"http:\/\/blogs.bellvitgehospital.cat\/aulaela\/equip\/","title":{"rendered":"Equip de professionals"},"content":{"rendered":"<p><img loading=\"lazy\" class=\"alignnone size-full wp-image-1950\" src=\"http:\/\/blogs.bellvitgehospital.cat\/aulaela\/wp-content\/uploads\/sites\/2\/2019\/03\/NRL-grup-ELA_19_07_baixa.jpg\" alt=\"\" width=\"800\" height=\"532\" srcset=\"http:\/\/blogs.bellvitgehospital.cat\/aulaela\/wp-content\/uploads\/sites\/2\/2019\/03\/NRL-grup-ELA_19_07_baixa.jpg 800w, http:\/\/blogs.bellvitgehospital.cat\/aulaela\/wp-content\/uploads\/sites\/2\/2019\/03\/NRL-grup-ELA_19_07_baixa-300x200.jpg 300w, http:\/\/blogs.bellvitgehospital.cat\/aulaela\/wp-content\/uploads\/sites\/2\/2019\/03\/NRL-grup-ELA_19_07_baixa-768x511.jpg 768w\" sizes=\"(max-width: 800px) 100vw, 800px\" \/><\/p>\n<hr \/>\n<p><span style=\"text-decoration: underline;\"><a title=\"UFELA\" href=\"http:\/\/blogs.bellvitgehospital.cat\/aulaela\/?p=74\"><strong><span style=\"color: #333333; text-decoration: underline;\">Unitat Funcional de Motoneurona<\/span><\/strong><\/a><\/span><\/p>\n<p style=\"text-align: justify;\"><span style=\"color: #333333;\">El nostre equip multidisciplinari de la Unitat Funcional de Motoneurona (UFMNA) est\u00e0 composat per un seguit d\u2019experts cl\u00ednics especialitzats en el tractament dels s\u00edmptomes i l\u2019evoluci\u00f3 de la malaltia.<\/span><\/p>\n<p style=\"text-align: justify;\">L\u2019equip, coordinat per la <strong><span style=\"color: #333333;\">Dra. M\u00f2nica Povedano<\/span><\/strong>, neurofisi\u00f2loga amb una \u00e0mplia experi\u00e8ncia en el diagn\u00f2stic i tractament de l\u2019ELA, est\u00e0 format per especialistes en neurofisiologia, pneumologia, ter\u00e0pia ocupacional i fisioter\u00e0pia, infermeria, rehabilitaci\u00f3, diet\u00e8tica, logop\u00e8dia, psicologia i treball social.<\/p>\n<p style=\"text-align: justify;\">Junts treballem per aconseguir un abordatge multidisciplinar i personalitzat amb l\u2019objectiu d\u2019ajudar a millorar la qualitat de vida dels nostres pacients.<\/p>\n<hr \/>\n<p style=\"text-align: justify;\"><span style=\"text-decoration: underline;\"><strong><a title=\"Fundaci\u00f3 Miquel Valls\" href=\"http:\/\/blogs.bellvitgehospital.cat\/aulaela\/?p=69\"><span style=\"color: #333333; text-decoration: underline;\">Fundaci\u00f3 Miquel Valls<\/span><\/a><\/strong><\/span><\/p>\n<p style=\"text-align: justify;\"><span style=\"color: #333333;\">Els nostres professionals de la Unitat Funcional de Motoneurona treballen estretament amb els professionals de la Fundaci\u00f3 Miquel Valls, l\u2019\u00fanica entitat sense \u00e0nim de lucre de Catalunya que es dedica al tractament i suport dels pacients amb ELA i els seus cuidadors.<\/span><\/p>\n<p style=\"text-align: justify;\"><span style=\"color: #333333;\">El treball conjunt entre l\u2019Hospital i la Fundaci\u00f3 ens permet oferir una atenci\u00f3 integral i espec\u00edfica als afectats per l\u2019ELA i a les seves fam\u00edlies. Avan\u00e7ant cap a la millora del tractament i abordatge de la malaltia mitjan\u00e7ant els esfor\u00e7os destinats a la recerca i la investigaci\u00f3.\u00a0<\/span><\/p>\n<p style=\"text-align: justify;\">\n","protected":false},"excerpt":{"rendered":"<p>Unitat Funcional de Motoneurona El nostre equip multidisciplinari de la Unitat Funcional de Motoneurona (UFMNA) est\u00e0 composat per un seguit d\u2019experts cl\u00ednics especialitzats en el tractament dels s\u00edmptomes i l\u2019evoluci\u00f3 de la malaltia. L\u2019equip, coordinat per la Dra. M\u00f2nica Povedano, &hellip; <a href=\"http:\/\/blogs.bellvitgehospital.cat\/aulaela\/equip\/\">Continua llegint <span class=\"meta-nav\">&rarr;<\/span><\/a><\/p>\n","protected":false},"author":10,"featured_media":0,"parent":0,"menu_order":0,"comment_status":"closed","ping_status":"closed","template":"","meta":[],"_links":{"self":[{"href":"http:\/\/blogs.bellvitgehospital.cat\/aulaela\/wp-json\/wp\/v2\/pages\/28"}],"collection":[{"href":"http:\/\/blogs.bellvitgehospital.cat\/aulaela\/wp-json\/wp\/v2\/pages"}],"about":[{"href":"http:\/\/blogs.bellvitgehospital.cat\/aulaela\/wp-json\/wp\/v2\/types\/page"}],"author":[{"embeddable":true,"href":"http:\/\/blogs.bellvitgehospital.cat\/aulaela\/wp-json\/wp\/v2\/users\/10"}],"replies":[{"embeddable":true,"href":"http:\/\/blogs.bellvitgehospital.cat\/aulaela\/wp-json\/wp\/v2\/comments?post=28"}],"version-history":[{"count":12,"href":"http:\/\/blogs.bellvitgehospital.cat\/aulaela\/wp-json\/wp\/v2\/pages\/28\/revisions"}],"predecessor-version":[{"id":1951,"href":"http:\/\/blogs.bellvitgehospital.cat\/aulaela\/wp-json\/wp\/v2\/pages\/28\/revisions\/1951"}],"wp:attachment":[{"href":"http:\/\/blogs.bellvitgehospital.cat\/aulaela\/wp-json\/wp\/v2\/media?parent=28"}],"curies":[{"name":"wp","href":"https:\/\/api.w.org\/{rel}","templated":true}]}}